{"id":745,"date":"2016-03-10T18:51:46","date_gmt":"2016-03-10T18:51:46","guid":{"rendered":"https:\/\/default.houzez.co\/?page_id=745"},"modified":"2024-04-03T14:53:39","modified_gmt":"2024-04-03T18:53:39","slug":"terms-and-conditions","status":"publish","type":"page","link":"https:\/\/brookerty.com\/?page_id=745","title":{"rendered":"TERMINOS Y CONDICIONES"},"content":{"rendered":"\t\t<div data-elementor-type=\"wp-page\" data-elementor-id=\"745\" class=\"elementor elementor-745\" data-elementor-post-type=\"page\">\n\t\t\t\t<div class=\"elementor-element elementor-element-525ba39f e-flex e-con-boxed e-con e-parent\" data-id=\"525ba39f\" data-element_type=\"container\">\n\t\t\t\t\t<div class=\"e-con-inner\">\n\t\t\t\t<div class=\"elementor-element elementor-element-2b52145 elementor-widget elementor-widget-heading\" data-id=\"2b52145\" data-element_type=\"widget\" data-widget_type=\"heading.default\">\n\t\t\t\t<div class=\"elementor-widget-container\">\n\t\t\t<style>\/*! elementor - v3.22.0 - 24-06-2024 *\/\n.elementor-heading-title{padding:0;margin:0;line-height:1}.elementor-widget-heading .elementor-heading-title[class*=elementor-size-]>a{color:inherit;font-size:inherit;line-height:inherit}.elementor-widget-heading .elementor-heading-title.elementor-size-small{font-size:15px}.elementor-widget-heading .elementor-heading-title.elementor-size-medium{font-size:19px}.elementor-widget-heading .elementor-heading-title.elementor-size-large{font-size:29px}.elementor-widget-heading .elementor-heading-title.elementor-size-xl{font-size:39px}.elementor-widget-heading .elementor-heading-title.elementor-size-xxl{font-size:59px}<\/style><h2 class=\"elementor-heading-title elementor-size-default\">TERMINOS Y CONDICIONES<\/h2>\t\t<\/div>\n\t\t\t\t<\/div>\n\t\t\t\t<div class=\"elementor-element elementor-element-42d94b0c elementor-widget elementor-widget-text-editor\" data-id=\"42d94b0c\" data-element_type=\"widget\" data-widget_type=\"text-editor.default\">\n\t\t\t\t<div class=\"elementor-widget-container\">\n\t\t\t<style>\/*! elementor - v3.22.0 - 24-06-2024 *\/\n.elementor-widget-text-editor.elementor-drop-cap-view-stacked .elementor-drop-cap{background-color:#69727d;color:#fff}.elementor-widget-text-editor.elementor-drop-cap-view-framed .elementor-drop-cap{color:#69727d;border:3px solid;background-color:transparent}.elementor-widget-text-editor:not(.elementor-drop-cap-view-default) .elementor-drop-cap{margin-top:8px}.elementor-widget-text-editor:not(.elementor-drop-cap-view-default) .elementor-drop-cap-letter{width:1em;height:1em}.elementor-widget-text-editor .elementor-drop-cap{float:left;text-align:center;line-height:1;font-size:50px}.elementor-widget-text-editor .elementor-drop-cap-letter{display:inline-block}<\/style>\t\t\t\t<ol>\n \t<li><strong>Aceptaci\u00f3n de los T\u00e9rminos y Condiciones<\/strong><\/li>\n<\/ol>\nAl acceder y utilizar este portal inmobiliario (en adelante, \u00abel Portal\u00bb), usted acepta los siguientes t\u00e9rminos y condiciones de uso. Si no est\u00e1 de acuerdo con alguno de estos t\u00e9rminos, le instamos a que no utilice el Portal.\n<ol start=\"2\">\n \t<li><strong>Uso del Portal<\/strong><\/li>\n<\/ol>\n2.1 <strong>Registro y Cuenta de Usuario:<\/strong> Al registrarse en el Portal, usted se compromete a proporcionar informaci\u00f3n precisa y completa. Es responsable de mantener la confidencialidad de su contrase\u00f1a y cuenta, y acepta toda la responsabilidad por las actividades que ocurran bajo su cuenta.\n\n2.2 <strong>Uso Adecuado:<\/strong> Usted se compromete a utilizar el Portal de manera adecuada y conforme a la ley. No est\u00e1 permitido utilizar el Portal con fines ilegales, difamatorios, obscenos o que violen los derechos de terceros.\n<ol start=\"3\">\n \t<li><strong>Listados de Propiedades<\/strong><\/li>\n<\/ol>\n3.1 <strong>Exactitud de la Informaci\u00f3n:<\/strong> El Portal se esfuerza por proporcionar informaci\u00f3n precisa y actualizada sobre las propiedades. Sin embargo, no garantizamos la exactitud de la informaci\u00f3n y recomendamos verificar toda la informaci\u00f3n relevante antes de tomar decisiones basadas en ella.\n\n3.2 <strong>Responsabilidad del Anunciante:<\/strong> Los propietarios o agentes inmobiliarios son responsables de la exactitud de la informaci\u00f3n proporcionada en los listados. El Portal no asume responsabilidad por cualquier error, omisi\u00f3n o inexactitud en la informaci\u00f3n de las propiedades.\n<ol start=\"4\">\n \t<li><strong>Propiedad Intelectual<\/strong><\/li>\n<\/ol>\n4.1 <strong>Derechos de Autor:<\/strong> Todo el contenido del Portal, incluidos textos, gr\u00e1ficos, logotipos, im\u00e1genes y software, est\u00e1 protegido por derechos de autor y otras leyes de propiedad intelectual. Usted acepta no copiar, reproducir, modificar, distribuir o utilizar de cualquier otra manera dicho contenido sin el consentimiento previo por escrito.\n<ol start=\"5\">\n \t<li><strong>Privacidad<\/strong><\/li>\n<\/ol>\n5.1 <strong>Pol\u00edtica de Privacidad:<\/strong> La informaci\u00f3n personal recopilada durante el uso del Portal est\u00e1 sujeta a nuestra Pol\u00edtica de Privacidad. Al utilizar el Portal, usted acepta los t\u00e9rminos de dicha pol\u00edtica.\n<ol start=\"6\">\n \t<li><strong>Modificaciones y Terminaci\u00f3n<\/strong><\/li>\n<\/ol>\n6.1 <strong>Modificaciones:<\/strong> Nos reservamos el derecho de modificar o actualizar estos T\u00e9rminos y Condiciones en cualquier momento sin previo aviso. Le recomendamos revisar peri\u00f3dicamente estos t\u00e9rminos para estar al tanto de cualquier cambio.\n\n6.2 <strong>Terminaci\u00f3n del Acceso:<\/strong> Nos reservamos el derecho de suspender o terminar su acceso al Portal en cualquier momento y por cualquier motivo, sin previo aviso.\n<ol start=\"7\">\n \t<li><strong>Ley Aplicable<\/strong><\/li>\n<\/ol>\nEstos T\u00e9rminos y Condiciones se regir\u00e1n e interpretar\u00e1n de acuerdo con las leyes del lugar de jurisdicci\u00f3n del Portal, sin tener en cuenta sus disposiciones sobre conflictos de leyes.\n\nAl utilizar este Portal, usted acepta y comprende estos T\u00e9rminos y Condiciones. Si tiene alguna pregunta o inquietud, no dude en ponerse en contacto con nosotros.\t\t\t\t\t\t<\/div>\n\t\t\t\t<\/div>\n\t\t\t\t\t<\/div>\n\t\t\t\t<\/div>\n\t\t\t\t<\/div>\n\t\t","protected":false},"excerpt":{"rendered":"<p>TERMINOS Y CONDICIONES Aceptaci\u00f3n de los T\u00e9rminos y Condiciones Al acceder y utilizar este portal inmobiliario (en adelante, \u00abel Portal\u00bb), usted acepta los siguientes t\u00e9rminos y condiciones de uso. Si no est\u00e1 de acuerdo con alguno de estos t\u00e9rminos, le instamos a que no utilice el Portal. Uso del Portal 2.1 Registro y Cuenta de [&hellip;]<\/p>\n","protected":false},"author":1,"featured_media":0,"parent":0,"menu_order":0,"comment_status":"closed","ping_status":"closed","template":"","meta":{"footnotes":""},"_links":{"self":[{"href":"https:\/\/brookerty.com\/index.php?rest_route=\/wp\/v2\/pages\/745"}],"collection":[{"href":"https:\/\/brookerty.com\/index.php?rest_route=\/wp\/v2\/pages"}],"about":[{"href":"https:\/\/brookerty.com\/index.php?rest_route=\/wp\/v2\/types\/page"}],"author":[{"embeddable":true,"href":"https:\/\/brookerty.com\/index.php?rest_route=\/wp\/v2\/users\/1"}],"replies":[{"embeddable":true,"href":"https:\/\/brookerty.com\/index.php?rest_route=%2Fwp%2Fv2%2Fcomments&post=745"}],"version-history":[{"count":7,"href":"https:\/\/brookerty.com\/index.php?rest_route=\/wp\/v2\/pages\/745\/revisions"}],"predecessor-version":[{"id":22756,"href":"https:\/\/brookerty.com\/index.php?rest_route=\/wp\/v2\/pages\/745\/revisions\/22756"}],"wp:attachment":[{"href":"https:\/\/brookerty.com\/index.php?rest_route=%2Fwp%2Fv2%2Fmedia&parent=745"}],"curies":[{"name":"wp","href":"https:\/\/api.w.org\/{rel}","templated":true}]}}